+ 4 - (10 - 11)?
0
(-3 - -2) + 9 + -13
-5
(12 - 9 - 0) + -8
-5
Calculate -2 + 0 + 1 - -5.
4
-1 + 7 - (16 + -14)
4
1 - (0 - -5) - (-10 + 10)
-4
Calculate -7 + 12 - 12 - -16.
9
What is 70 + -67 - (-1 + (2 - 1))?
3
What is the value of -85 + 84 - (-2 - -7 - 2)?
-4
-3 + (3 - -1 - (-1 - -3))
-1
-3 + (6 - 1 - 5) + -2
-5
Evaluate 0 + (3 - (2 - -3)) + -4.
-6
Evaluate 6 + -8 - -2 - -3.
3
Evaluate (5 - (19 + -6)) + 8.
0
What is 8 + (-7 - (-11 - -5))?
7
10 + (-5 + 0 - 5)
0
What is the value of (-1 - -5) + (-4 - -1)?
1
Calculate (-3 - (3 - 6)) + -1 - 3.
-4
2 + 0 + -1 - (13 + -9)
-3
What is -1 + 0 - (-18 + 2 + 6)?
9
What is -1 - -6 - (-9 - -5 - -5)?
4
What is 12 - (-10 + 24 + -8)?
6
What is -3 + 0 + -4 + 8?
1
What is the value of (-21 - -22) + (-4 - (-1 + 2))?
-4
What is -13 + 12 - (-1 + -3 + 2)?
1
What is the value of 5 - (0 - (-1 + -6))?
-2
What is the value of 2 + (-5 + 0 - (-7 - -7))?
-3
What is (7 - 8 - (4 - 1)) + 3?
-1
What is the value of 0 + -7 + (10 - 0)?
3
What is the value of 7 + -1 - 11 - -7?
2
Calculate -1 - ((-2 - -2 - 3) + 4).
-2
What is the value of (4 - 5) + -1 + -4?
-6
What is the value of -2 + (10 + 1 - (9 - 3))?
3
What is -1 + (-2 - (3 - 15))?
9
What is the value of -6 + (-7 + 14 - -5)?
6
What is -5 + 0 - (0 + (-4 - -7))?
-8
4 - (2 - (5 - (-1 + 1)))
7
3 + (-15 - (-5 - (1 + 1)))
-5
-1 + -4 + 0 - (-20 - -18)
-3
Evaluate -1 + 1 + -2 + -90 + 83.
-9
Calculate (1 + 1 - -1) + 22 + -25.
0
Calculate 1 + -3 + 3 + 0.
1
What is the value of 4 - (-5 + 1 - (-4 - 0))?
4
What is the value of (2 - -1 - (25 - 25)) + -3?
0
What is (-3 - (-1 + 1)) + 66 + -59?
4
Calculate 6 - (3 - 7) - 18.
-8
What is -6 - (8 + -4 + -7 + -1)?
-2
(5 - 0) + (3 - 15) + 2
-5
Evaluate -8 - -3 - (36 - 39).
-2
-6 + 1 + -1 + 10 + 1
5
Calculate 7 + -1 + (-34 - -28) - -1.
1
What is 0 + 0 + -5 + 7 + -7?
-5
0 + -5 + (-5 - -13)
3
What is the value of -7 + 3 + -1 + 2 + 7?
4
(1 + 5 + 1 - 8) + 3
2
What is -30 - -30 - (6 + -2)?
-4
What is (-5 - -3) + 0 + 2 + 3?
3
What is -2 + (0 - (0 + 1)) - -5?
2
What is the value of 4 - 2 - (-1 - (0 - -2))?
5
What is 3 + 3 + -1 + -3 + 3?
5
6 - -3 - (-4 - -13)
0
What is -4 + (-11 - -3) + 6?
-6
Evaluate 5 + -2 + 1 + 0.
4
What is -4 - (4 - (6 + -1 + 1))?
-2
What is the value of 3 - (5 + -1 + -4)?
3
-13 + 9 - (-5 - -1)
0
Calculate -1 + 3 + -8 + -1.
-7
Calculate -1 - (3 + -7) - -2.
5
-1 + ((-2 - -5) + 3 - 3)
2
What is -2 - (3 - 4) - (-2 - 1)?
2
What is the value of (-1 - 3 - -2) + 4 + 3?
5
What is -3 - (-7 + (1 - -2 - 0))?
1
What is the value of 2 + 0 + 0 - (14 + -14)?
2
Evaluate 0 - ((1 - 4) + 7).
-4
Calculate 2 + (-1 + -2 + 5 - 1).
3
What is -108 - -112 - (-1 + 7)?
-2
What is the value of (2 - -1) + (-4 - (-6 - -1))?
4
What is the value of -2 + 5 + (-17 - -18)?
4
4 + -1 + 3 + -3 + -2
1
Evaluate 6 + -3 - (4 + 0).
-1
Evaluate -4 + ((1 - -1) + -1 - -3).
0
Calculate -354 - -349 - (-1 - (11 + 0)).
7
6 - 4 - (3 - 6) - 9
-4
(-4 + 5 - 2) + 6
5
Calculate 5 - ((7 - 4) + -3).
5
What is (11 - 1) + -11 + 8?
7
What is -4 - (4 + 7 + -2 + -8)?
-5
What is -3 - (-3 - (-2 - (-7 - -3)))?
2
What is 2 - (-3 + 1) - (38 + -39)?
5
Evaluate 23 + -26 - (-1 + -6).
4
Calculate (2 - 2) + (-17 - -18) + 0.
1
2 - (-2 - -12 - 8)
0
Evaluate 1 - (-2 + -2 - -1).
4
What is 0 - 1 - (8 + -10)?
1
What is -21 + 21 + (-2 - (-3 + -1))?
2
Evaluate 8 + -3 + 0 + -3.
2
(12 - 12) + (-2 + 4 - 7)
-5
What is the value of (5 + 1 - 15) + 8?
-1
5 + (2 - (-7 + 27 + -6))
-7
What is (6 - 0) + (-4 + 0 - 0)?
2
What is the value of (-10 - -10) + 0 + -1 + -2?
-3
Calculate 1 + (-3 - -1) - 3.
-4
Evaluate -7 + (13 - 3) - 6.
-3
What is -15 - ((-5 - -2) + -4)?
-8
Calculate 2 - (-9 + 2 + (19 - 3)).
-7
3 + (-1 - -2) + -3
1
2 + -6 + (2 - -9) + -6
1
What is -16 + 24 - (-2 - -7 - 1)?
4
(-2 - 0) + 0 + 4 - 2
0
What is the value of -5 - ((-10 - 3 - -3) + 3)?
2
What is -1 - 0 - (44 + -40)?
-5
What is -4 + 0 + 12 - 3?
5
What is 6 - (1 + 1 - (-6 - 2))?
-4
Calculate (-5 + 10 - -5 - 6) + -5.
-1
Calculate -7 + (0 - 1) + 1.
-7
What is the value of 5 - ((11 - 9) + -3)?
6
-9 + 4 + (2 - -9)
6
What is -5 - -16 - (2 - -3)?
6
What is 9 - (8 + -6) - (0 - -1)?
6
-3 - (-8 - (-1 - -2)) - 1
5
What is the value of 17 + (6 - 15) + -4?
4
Calculate -5 - (0 + 0 - 7).
2
Evaluate 6 + -1 + 0 + -1.
4
-5 + 6 + (-1 - -8) + -6
2
-2 - (1 + 0) - (1 - 1)
-3
Calculate (5 - 0) + (1 - 5).
1
What is 38 + -50 - (-18 + -1)?
7
3 + -3 + 4 - 4
0
What is the value of -4 - ((9 - 9) + 0)?
-4
What is the value of 0 - 5 - (10 + -11) - -2?
-2
What is ((8 - 4) + -1 - 2) + 0?
1
2 - (0 + (5 - (4 + 3)))
4
Evaluate 6 + -2 - 4 - (6 + -1).
-5
Calculate -7 + (8 - 0) + 1.
2
What is the value of 2 - (-7 + 5) - 8?
-4
(-8 - (3 - 8)) + 1 + 1
-1
What is the value of 0 + -3 + (1 - 4) + 2?
-4
What is (-3 - 1) + 2 - (-9 - -1)?
6
What is the value of 1 - (-7 + (1 - -3))?
4
Calculate 28 - 36 - (-1 + -6).
-1
0 + (-9 - (-5 + 3))
-7
-1 + -2 - (-1 + -6 + 3)
1
What is the value of -1 + -3 + 10 + -1?
5
What is (208 - 203) + (-1 - 2)?
2
What is 5 + (3 - 3) - (3 - -1)?
1
Evaluate 1 - ((12 - 12) + 7).
-6
Calculate 4 + (4 - 2) + -5 + -2.
-1
Calculate 57 - 52 - (2 + 0).
3
Calculate -7 - 0 - (-34 + 30).
-3
What is the value of -4 - (-1 + -4 + 6)?
-5
-4 - (1 + -1 + -3) - -4
3
What is the value of 1 - (3 + -2) - (52 - 47)?
-5
Calculate (-2 + -2 + 5 - 0) + -3.
-2
What is the value of (9 - -3) + 28 + -38?
2
-11 + 9 + 0 + 4 - -2
4
What is 16 + -13 - (10 - 3)?
-4
Calculate -14 + (17 - -11) - 24.
-10
Evaluate (-3 - -4 - -1) + 0.
2
What is -1 + (-4 - (15 - 15))?
-5
(0 - -3) + -1 + 0 - -3
5
What is 0 - -4 - (3 - (-1 + 2))?
2
Evaluate -9 - (-17 + 0) - 6.
2
What is (7 - (-7 - -18)) + 5?
1
Evaluate 1 + (2 - -2) + -4.
1
Calculate 2 - (11 - 9 - -1).
-1
Calculate 41 + -37 - (1 - -4).
-1
10 - ((6 - (6 + -2)) + 2)
6
2 - (3 + (0 - 6))
5
12 - (6 + -1) - 2
5
Evaluate 6 - 1 - (6 + -1) - 2.
-2
Calculate 0 + -2 + -1 + -1 + 8.
4
Evaluate (-2 + 2 - -3) + 1.
4
What is -13 + 16 + (-13 - (-2 + -2))?
-6
What is -11 - 0 - (-4 + -15 + 12)?
-4
Evaluate -2 + (-1 - (2 + -2) - 1).
-4
Evaluate -2 - (2 + (-3 - (-4 + 7))).
2
Calculate -7 + 11 - (3 + 3).
-2
What is the value of 6 + -5 + -3 + -3?
-5
-5 + (-4 - -7) + -1 - -3
0
Evaluate 14 - (6 - (-10 + 4)).
2
What is the value of -1 + (-2 + 6 - 1) + 1?
3
Evaluate (2 - -2 - 9) + (0 - -1).
-4
What is the value of 1 + (17 - 6) + -7?
5
Calculate (1 - 3) + (3 - 13) + 12.
0
Evaluate -3 + 17 - (4 - -1) - 3.
6
Evaluate (-5 - 2 - (1 + -4)) + 4.
0
What is the value of (0 + -2 - 2) + -16 + 25?
5
Evaluate (-1 - (-2 - -5)) + 5.
1
Evaluate -7 - (-19 - -7) - (5 + -1).
1
What is 7 - (7 + -7 + 7)?
0
Calculate 4 - (5 + -6 + 2 + 7).
-4
What is -9 + 14 + (2 - 5)?
2
Evaluate 11 + 11 + -18 - 13.
-9
What is -7 + 6 + (3 - 4)?
-2
What is the value of -10 - (9 + -20 + 6)?
-5
-7 + 5 + (1 + -2 - -2)
-1
Calculate 2 - (5 + (-4 - -4) - 2).
-1
-2 + 9 + -5 + 2 + -8
-4
What is (2 - 0) + (1 - 0) - -2?
5
-1 - (-4 + 6) - (-11 + 6)
2
What is (-2 - -6) + -3 + -1?
0
What is 6 - ((-1 - -11) + 1)?
-5
What is the value of -4 + (4 - (-1 - 3))?
4
Evaluate -4 - (-2 - (-2 + 0 + 0)).
-4
What is -1 + -4 - (73 - 79)?
1
What is -7 + -1 + 6 + -4?
-6
Calculate -11 + 8 + -7 + 1.
-9
Evaluate 0 + -5 + 0 + 5 + -3.
-3
What is the value of 4 + -7 + -2 + -2 + 6?
-1
Calculate -1 + (4 - (6 + 0)).
-3
What is the value of (0 + 0 - 1) + -6 + -2?
-9
Calculate -5 - -6 - (-4 - (-12 + 7)).
0
What is the value of (-2 - -18) + -2 + -4 - 7?
3
What is -1 + 0 - (-1 + 4 - -1)?
-5
What is 5 + (2 - 15) - 1?
-9
Calculate 2 - (-5 + 11) - (3 - 17).
10
Calculate -13 + (16 - (1 + -4)).
6
Calculate -5 + 0 + 18 + -9.
4
Evaluate -13 + (-1 - (-11 - 3)).
0
Evaluate -1 - (-7 + (-8 + 4 - -3)).
7
(-7 - (4 - 12)) + -5
-4
Calculate -1 + 2 + (-2 - (-2 - -3)).
-2
Calculate 1 - (-4 - -11) - (-1 + -1).
-4
What is 3 - (11 + (1 - 5 - 1))?
-3
What is 48 + -43 - (-2 - -1 - 1)?
7
What is -2 - -10 - 12 - -9 - 4?
1
-18 + 2 + (-1 - (-3 + -5))
-9
Calculate 6 - (9 + -5 - -5).
-3
(0 - -1) + (4 - 6) + 0
-1
What is the value of 0 - (-4 - -3) - -6?
7
What is the value of 10 + 0 + -2 + -4?
4
Evaluate (15 - 12) + -12 - (0 - 4).
-5
Evaluate 2 - 4 - (3 + -1 + -3).
-1
-2 + 3 + 2 + 2 + -1
4
1 - (2 + -2) - (2 + -3)
2
What is the value of (-25 - -27) + 3 + -7 + -1?
-3
0 + (-3 + 8 - 0)
5
Evaluate -8 + 1 + 4 + -7 + 7.
-3
Calculate -6 + (-7 - (-6 - 6)).
-1
Evaluate -8 + -3 + 16 + (3 - 19).
-11
Calculate (1 - 2 - 4